by 960?
117
What is the remainder when 2699 is divided by 955?
789
What is the remainder when 67612 is divided by 1220?
512
Calculate the remainder when 768 is divided by 80.
48
Calculate the remainder when 387032 is divided by 71.
11
What is the remainder when 10294 is divided by 104?
102
Calculate the remainder when 193050 is divided by 65.
0
What is the remainder when 1670 is divided by 830?
10
What is the remainder when 1821 is divided by 422?
133
What is the remainder when 815 is divided by 248?
71
What is the remainder when 96716 is divided by 48356?
4
Calculate the remainder when 1207 is divided by 244.
231
What is the remainder when 4045 is divided by 1345?
10
Calculate the remainder when 6971 is divided by 44.
19
What is the remainder when 18376 is divided by 372?
148
Calculate the remainder when 45296 is divided by 509.
504
What is the remainder when 66165 is divided by 1323?
15
Calculate the remainder when 98318 is divided by 20.
18
Calculate the remainder when 107080 is divided by 165.
160
Calculate the remainder when 77630 is divided by 11086.
28
What is the remainder when 36558 is divided by 161?
11
Calculate the remainder when 5306 is divided by 1060.
6
What is the remainder when 2509710 is divided by 173?
172
What is the remainder when 6507 is divided by 23?
21
What is the remainder when 32681 is divided by 1045?
286
Calculate the remainder when 988 is divided by 774.
214
Calculate the remainder when 8762 is divided by 14.
12
Calculate the remainder when 63585 is divided by 52.
41
Calculate the remainder when 615836 is divided by 87976.
4
Calculate the remainder when 2138 is divided by 502.
130
Calculate the remainder when 258058 is divided by 43008.
10
What is the remainder when 35368 is divided by 44?
36
Calculate the remainder when 48909 is divided by 168.
21
Calculate the remainder when 15274 is divided by 1510.
174
What is the remainder when 209271 is divided by 64?
55
What is the remainder when 25088 is divided by 10?
8
What is the remainder when 14877 is divided by 1652?
9
What is the remainder when 5087 is divided by 365?
342
Calculate the remainder when 778213 is divided by 15.
13
Calculate the remainder when 897119 is divided by 7.
6
Calculate the remainder when 52374 is divided by 270.
264
Calculate the remainder when 125974 is divided by 12.
10
What is the remainder when 9452 is divided by 77?
58
Calculate the remainder when 9026 is divided by 6.
2
Calculate the remainder when 1817 is divided by 930.
887
What is the remainder when 1374 is divided by 226?
18
What is the remainder when 33863 is divided by 12?
11
What is the remainder when 198963 is divided by 6?
3
Calculate the remainder when 49726 is divided by 3107.
14
Calculate the remainder when 284975 is divided by 48.
47
What is the remainder when 44858 is divided by 4982?
20
Calculate the remainder when 225 is divided by 55.
5
What is the remainder when 13459 is divided by 34?
29
What is the remainder when 19026 is divided by 8?
2
Calculate the remainder when 57608 is divided by 187.
12
What is the remainder when 3282 is divided by 3272?
10
Calculate the remainder when 40038 is divided by 6671.
12
What is the remainder when 195393 is divided by 41?
28
Calculate the remainder when 5674 is divided by 538.
294
What is the remainder when 5983 is divided by 50?
33
Calculate the remainder when 1412188 is divided by 282436.
8
Calculate the remainder when 7221 is divided by 3582.
57
What is the remainder when 4465 is divided by 445?
15
What is the remainder when 183 is divided by 33?
18
Calculate the remainder when 62612 is divided by 41.
5
Calculate the remainder when 23712 is divided by 275.
62
What is the remainder when 3634616 is divided by 13?
11
What is the remainder when 21249 is divided by 154?
151
Calculate the remainder when 7695 is divided by 943.
151
Calculate the remainder when 1426149 is divided by 104.
101
What is the remainder when 285474 is divided by 40780?
14
Calculate the remainder when 406256 is divided by 305.
301
Calculate the remainder when 1251820 is divided by 126.
10
What is the remainder when 3222 is divided by 936?
414
What is the remainder when 7282 is divided by 3634?
14
Calculate the remainder when 264 is divided by 31.
16
What is the remainder when 56917 is divided by 379?
67
Calculate the remainder when 3613 is divided by 191.
175
What is the remainder when 38190 is divided by 13?
9
Calculate the remainder when 14867 is divided by 42.
41
Calculate the remainder when 12464 is divided by 762.
272
What is the remainder when 885 is divided by 149?
140
Calculate the remainder when 783 is divided by 183.
51
What is the remainder when 14981 is divided by 22?
21
Calculate the remainder when 3894647 is divided by 353.
351
Calculate the remainder when 4564 is divided by 911.
9
What is the remainder when 26345 is divided by 72?
65
What is the remainder when 3064 is divided by 322?
166
Calculate the remainder when 6369 is divided by 340.
249
What is the remainder when 31391 is divided by 48?
47
What is the remainder when 50589 is divided by 477?
27
Calculate the remainder when 16761 is divided by 2391.
24
What is the remainder when 21283 is divided by 374?
339
Calculate the remainder when 8262 is divided by 32.
6
Calculate the remainder when 128380 is divided by 121.
120
What is the remainder when 30362 is divided by 375?
362
What is the remainder when 4158 is divided by 15?
3
Calculate the remainder when 1201 is divided by 1.
0
Calculate the remainder when 10086 is divided by 307.
262
What is the remainder when 4069 is divided by 1829?
411
Calculate the remainder when 3962 is divided by 988.
10
Calculate the remainder when 105 is divided by 46.
13
What is the remainder when 28430 is divided by 15?
5
What is the remainder when 377403 is divided by 1446?
1443
Calculate the remainder when 79895 is divided by 1310.
1295
Calculate the remainder when 1397 is divided by 53.
19
What is the remainder when 21475 is divided by 10727?
21
What is the remainder when 6535 is divided by 3259?
17
What is the remainder when 48081 is divided by 2527?
68
Calculate the remainder when 1012734 is divided by 60.
54
Calculate the remainder when 598 is divided by 549.
49
Calculate the remainder when 152197 is divided by 53.
34
Calculate the remainder when 6033 is divided by 159.
150
What is the remainder when 31153 is divided by 444?
73
Calculate the remainder when 113595 is divided by 100.
95
Calculate the remainder when 252 is divided by 35.
7
Calculate the remainder when 31748 is divided by 56.
52
What is the remainder when 33624 is divided by 5?
4
Calculate the remainder when 44536 is divided by 131.
127
Calculate the remainder when 16935 is divided by 29.
28
What is the remainder when 10221 is divided by 464?
13
What is the remainder when 8139 is divided by 74?
73
Calculate the remainder when 31176 is divided by 45.
36
What is the remainder when 58970 is divided by 4211?
16
What is the remainder when 3403 is divided by 3384?
19
Calculate the remainder when 6829 is divided by 286.
251
Calculate the remainder when 1357 is divided by 120.
37
What is the remainder when 1368 is divided by 443?
39
What is the remainder when 84311 is divided by 219?
215
Calculate the remainder when 31334 is divided by 3132.
14
What is the remainder when 1831444 is divided by 14?
6
Calculate the remainder when 204512 is divided by 66.
44
What is the remainder when 37938 is divided by 527?
521
What is the remainder when 439984 is divided by 65?
64
Calculate the remainder when 22475 is divided by 13.
11
Calculate the remainder when 10889 is divided by 28.
25
What is the remainder when 1609 is divided by 233?
211
Calculate the remainder when 5875 is divided by 30.
25
What is the remainder when 786166 is divided by 10?
6
What is the remainder when 234657 is divided by 79?
27
Calculate the remainder when 79501 is divided by 317.
251
What is the remainder when 7886 is divided by 1221?
560
Calculate the remainder when 253321 is divided by 658.
649
Calculate the remainder when 26626 is divided by 1212.
1174
Calculate the remainder when 273120 is divided by 49.
43
Calculate the remainder when 32982 is divided by 266.
264
What is the remainder when 816 is divided by 91?
88
Calculate the remainder